2506.
156
Calculate the remainder when 564918 is divided by 329.
25
Calculate the remainder when 2980 is divided by 53.
12
What is the remainder when 2537 is divided by 65?
2
Calculate the remainder when 42519 is divided by 1646.
1369
Calculate the remainder when 1038 is divided by 10.
8
Calculate the remainder when 21174 is divided by 27.
6
Calculate the remainder when 111584 is divided by 15940.
4
What is the remainder when 65446 is divided by 8?
6
Calculate the remainder when 6735 is divided by 320.
15
Calculate the remainder when 152540 is divided by 38135.
0
Calculate the remainder when 2140 is divided by 2110.
30
What is the remainder when 22024 is divided by 416?
392
Calculate the remainder when 2080 is divided by 161.
148
Calculate the remainder when 1103 is divided by 418.
267
Calculate the remainder when 1058 is divided by 110.
68
Calculate the remainder when 105754 is divided by 7.
5
What is the remainder when 6148 is divided by 60?
28
What is the remainder when 2776 is divided by 460?
16
What is the remainder when 3826019 is divided by 347?
344
What is the remainder when 5394 is divided by 1729?
207
Calculate the remainder when 103679 is divided by 90.
89
What is the remainder when 5274 is divided by 164?
26
What is the remainder when 122671 is divided by 11?
10
Calculate the remainder when 3165 is divided by 1517.
131
Calculate the remainder when 2289 is divided by 1134.
21
Calculate the remainder when 2359 is divided by 795.
769
Calculate the remainder when 2348 is divided by 646.
410
Calculate the remainder when 297 is divided by 27.
0
Calculate the remainder when 9228293 is divided by 73.
71
Calculate the remainder when 2993 is divided by 461.
227
Calculate the remainder when 1506 is divided by 488.
42
What is the remainder when 31595 is divided by 69?
62
What is the remainder when 406 is divided by 152?
102
What is the remainder when 16878 is divided by 1444?
994
Calculate the remainder when 11483 is divided by 59.
37
Calculate the remainder when 1958137 is divided by 81589.
1
Calculate the remainder when 228027 is divided by 346.
13
What is the remainder when 26831 is divided by 84?
35
Calculate the remainder when 263 is divided by 12.
11
What is the remainder when 4996 is divided by 385?
376
Calculate the remainder when 30987 is divided by 75.
12
Calculate the remainder when 40474 is divided by 40457.
17
What is the remainder when 315959 is divided by 542?
515
What is the remainder when 31597 is divided by 48?
13
Calculate the remainder when 42007 is divided by 764.
751
Calculate the remainder when 48476 is divided by 40.
36
Calculate the remainder when 1707597 is divided by 600.
597
What is the remainder when 3432 is divided by 333?
102
Calculate the remainder when 54753 is divided by 1433.
299
What is the remainder when 321 is divided by 24?
9
What is the remainder when 165341 is divided by 334?
11
Calculate the remainder when 3186 is divided by 396.
18
What is the remainder when 9504 is divided by 307?
294
Calculate the remainder when 1036 is divided by 338.
22
What is the remainder when 13410 is divided by 585?
540
What is the remainder when 4206 is divided by 176?
158
What is the remainder when 1244 is divided by 47?
22
Calculate the remainder when 283269 is divided by 20233.
7
Calculate the remainder when 145987 is divided by 88.
83
Calculate the remainder when 7480 is divided by 1286.
1050
What is the remainder when 3584782 is divided by 56?
54
What is the remainder when 12958 is divided by 461?
50
What is the remainder when 2685 is divided by 203?
46
What is the remainder when 24134 is divided by 75?
59
Calculate the remainder when 577 is divided by 478.
99
Calculate the remainder when 1292 is divided by 762.
530
Calculate the remainder when 1102117 is divided by 20.
17
What is the remainder when 180921 is divided by 75?
21
Calculate the remainder when 1420263 is divided by 355065.
3
What is the remainder when 8405206 is divided by 2616?
2614
Calculate the remainder when 154969 is divided by 212.
209
Calculate the remainder when 9743 is divided by 88.
63
What is the remainder when 289039 is divided by 177?
175
Calculate the remainder when 762297 is divided by 15.
12
What is the remainder when 9216 is divided by 2975?
291
Calculate the remainder when 45875 is divided by 124.
119
What is the remainder when 2619 is divided by 710?
489
What is the remainder when 26809 is divided by 13031?
747
What is the remainder when 89353 is divided by 156?
121
What is the remainder when 61794 is divided by 119?
33
What is the remainder when 164030 is divided by 6?
2
Calculate the remainder when 3702 is divided by 411.
3
Calculate the remainder when 4060792 is divided by 109.
106
What is the remainder when 1481 is divided by 292?
21
What is the remainder when 2449 is divided by 473?
84
Calculate the remainder when 144452 is divided by 1854.
1694
Calculate the remainder when 94143 is divided by 181.
23
What is the remainder when 7472 is divided by 756?
668
Calculate the remainder when 246700 is divided by 15.
10
What is the remainder when 128715 is divided by 18384?
27
Calculate the remainder when 2130 is divided by 352.
18
What is the remainder when 11721 is divided by 391?
382
Calculate the remainder when 9238 is divided by 73.
40
Calculate the remainder when 216670 is divided by 24.
22
What is the remainder when 18404 is divided by 58?
18
What is the remainder when 3234 is divided by 1078?
0
What is the remainder when 28482 is divided by 15?
12
What is the remainder when 23220 is divided by 7699?
123
What is the remainder when 7638 is divided by 1177?
576
What is the remainder when 235800 is divided by 7606?
14
What is the remainder when 966505 is divided by 2143?
12
What is the remainder when 80287 is divided by 208?
207
What is the remainder when 12117 is divided by 2274?
747
What is the remainder when 12641 is divided by 12577?
64
Calculate the remainder when 54321 is divided by 6790.
1
Calculate the remainder when 78648 is divided by 11.
9
What is the remainder when 7034 is divided by 69?
65
Calculate the remainder when 26100 is divided by 581.
536
What is the remainder when 228297 is divided by 3085?
7
Calculate the remainder when 23486 is divided by 135.
131
Calculate the remainder when 1301 is divided by 205.
71
Calculate the remainder when 1445 is divided by 464.
53
Calculate the remainder when 144347 is divided by 72170.
7
Calculate the remainder when 696 is divided by 547.
149
What is the remainder when 2367319 is divided by 86?
83
Calculate the remainder when 320516 is divided by 2137.
2103
Calculate the remainder when 12725 is divided by 48.
5
Calculate the remainder when 12832 is divided by 3200.
32
What is the remainder when 3306 is divided by 166?
152
What is the remainder when 2756 is divided by 310?
276
Calculate the remainder when 904 is divided by 66.
46
What is the remainder when 1402471 is divided by 1402463?
8
Calculate the remainder when 93935 is divided by 412.
411
Calculate the remainder when 496 is divided by 56.
48
Calculate the remainder when 381405 is divided by 232.
229
Calculate the remainder when 2988495 is divided by 25.
20
What is the remainder when 5125 is divided by 1706?
7
Calculate the remainder when 91634 is divided by 41.
40
What is the remainder when 114490 is divided by 329?
327
What is the remainder when 15667 is divided by 19?
11
Calculate the remainder when 133283 is divided by 3.
2
What is the remainder when 16047 is divided by 445?
27
What is the remainder when 3618570 is divided by 312?
306
Calculate the remainder when 23784 is divided by 162.
132
Calculate the remainder when 3673 is divided by 1249.
1175
Calculate the remainder when 183941 is divided by 45985.
1
What is the remainder when 32291 is divided by 978?
17
What is the remainder when 51062 is divided by 474?
344
Calculate the remainder when 2621 is divided by 163.
13
Calculate the remainder when 129207 is divided by 438.
435
What is the remainder when 146897 is divided by 14?
9
What is the remainder when 15931 is divided by 1580?
131
What is the remainder when 12991 is divided by 361?
356
What is the remainder when 244554 is divided by 129?
99
Calculate the remainder when 8442 is divided by 650.
642
What is the remainder